 1 + i = r, -2*r + 4 = 2*q. Determine c(r).
9
Suppose 15 = -629*o + 632*o. Suppose 5*z = -4*h + 37, 3*h = -o*z + 21 + 13. Let m(a) = -a**3 + 4*a**2 - 2*a - 3. What is m(h)?
0
Let v(h) be the second derivative of -h**5/20 - 5*h**4/6 - 4*h**3 - 66*h**2 - 10988*h. Give v(-9).
3
Let y(o) be the second derivative of -14*o**3/3 - 4*o**2 + 31*o - 51. What is y(-1)?
20
Let q(r) = -23*r**3 + 235*r**2 + 445*r + 47. Let a(v) = -5*v**3 + 59*v**2 + 112*v + 11. Let l(z) = -9*a(z) + 2*q(z). Give l(-59).
-5
Suppose 0 = 7*f - 12054 + 12026. Let i(g) be the third derivative of 24*g**2 + 1/6*g**3 + 0*g - 7/6*g**f + 0. Determine i(1).
-27
Let w(h) be the first derivative of h**3/3 + 7*h**2/2 - 7*h + 1. Let j(t) = -7*t**3 + 2*t**2 + 170*t - 172. Let b be j(1). Give w(b).
-7
Let l(t) = 4*t**2 - 3*t**2 - t + t**2. Let a be (13 - 29/2)/(3/(-6)). Determine l(a).
15
Let n = 47 - 107. Let g be 4 + (0 - n/3). Suppose -z - g = 3*z. Let k(i) = -i + 8. Determine k(z).
14
Suppose 0 = -668*x + 661*x + 21. Let n be -4 - x/(6 + -7). Let g(o) = -32*o**3 - o**2 + o + 1. Determine g(n).
31
Suppose -2*m - 3*n + 52 = 25, 44 = 4*m + 4*n. Let j(y) = -14*y + 110. Calculate j(m).
26
Let p = 58 + -55. Suppose 3*b + p*w - 10 = -2*w, 2*w = -8. Let l(f) = -9 + 0 + 13*f - 24*f + b*f. What is l(-6)?
-3
Let g(w) = 10*w - 320. Let v be g(32). Suppose v = 4*o - 5*c + 24 - 12, -6 = -o - c. Let z(s) = 9*s + 2. Determine z(o).
20
Let j(n) = n**2 + 3*n + 7. Let u be ((-4)/6)/(66/297) + -3. Calculate j(u).
25
Let m(v) = v**3 + 6*v**2 + 4*v - 2. Let c be m(-5). Let d(o) = -30*o + o**c + 7*o**2 - 3*o**2 + 25*o - 5. Suppose 7*s - 6*s + 4 = 0. Calculate d(s).
15
Suppose -36 = -24*j + 6*j. Let n(l) = 11*l**2 - 3 + 5*l**j + 4*l - 24*l**2. Give n(2).
-27
Suppose -10*l + 358 - 278 = 0. Let c(y) = -13*y + 52. Let i(a) = -6*a + 25. Let u(b) = 3*c(b) - 7*i(b). What is u(l)?
5
Suppose 84*c - 82*c = 6. Let w(u) = -4 + 3*u + u - 3*u + 1 - c*u. Determine w(9).
-21
Let c(u) be the second derivative of -u**5/20 + 5*u**4/12 - 5*u**3/6 + u**2 + 5931*u. Suppose 0 = 6*x - x + 3*z - 26, 14 = 4*x - z. What is c(x)?
-2
Let z(s) = s**2 + 1 + 3 - 2*s**2 + 4*s. Suppose 9*y - 158 - 85 = 0. Suppose 5*p - 7 = 6*p - 4*w, -4*w + y = 3*p. Determine z(p).
-1
Let c(s) be the second derivative of -s**5/20 - s**4/2 - s**3 - 33*s**2/2 + 9*s - 6. Calculate c(-6).
3
Let x(u) be the first derivative of u**4/12 + 7*u**3/6 - 6*u**2 + 11*u - 110. Let a(t) be the second derivative of x(t). Determine a(6).
19
Let k(g) = 2*g**2 + 3*g - 1. Let r(y) = -17*y**2 - 27*y + 13. Let d(i) = 8*k(i) + r(i). What is d(-6)?
-13
Suppose 369*l - 364*l = -5*y - 15, 2*y - l = -27. Let o(v) = v + 8. Determine o(y).
-2
Let i(p) be the first derivative of -p**6/120 - 7*p**5/60 + p**4/24 + p**3/6 - 22*p**2 - 86. Let v(m) be the second derivative of i(m). Give v(-7).
-6
Let f(v) be the first derivative of -4*v**3/3 - 5*v**2/2 - 4*v + 22759. Suppose 4*q + 4*x = -8, -3*x + 23 = -5*q + 5. Determine f(q).
-25
Let f(h) = 29 + 31 + 2*h - 24 + h - 5*h. Let t be f(21). Let i(m) = m**3 + 5*m**2 - 7*m - 4. Determine i(t).
2
Let n(v) be the third derivative of -7*v**4/12 + 3*v**3/2 - 185*v**2 + v. Calculate n(3).
-33
Let o(k) = -k**2 - 17*k - 75. Let u be (-2 - 0) + -3 + 24/(-12). Give o(u).
-5
Let c = -455 - -461. Let h(b) = b**2 - 5*b**2 - 4*b**2 + 6*b**2 + b + c*b**2 + 1. Give h(-3).
34
Let n(p) = 5*p - 447 + 446 - 14*p**2 - p + 3*p**2 - 3*p. Determine n(1).
-11
Let c(y) be the second derivative of -y**5/20 + y**4/4 - y**3/3 - 3*y**2/2 + 313*y. Let u = -45 - -48. Calculate c(u).
-9
Let p(c) = -55*c + 21. Let b(l) = 119*l - 43. Let i(a) = -6*b(a) - 13*p(a). Suppose 36 = 4*r - 3*d, 2*r - 20 = -r + 4*d. Give i(r).
-3
Let a(f) be the first derivative of -3*f**4/2 + 11*f**3 + 19*f**2/2 - 11*f + 239. Give a(6).
-5
Let p(g) = -9050669*g - 3 + 9050667*g - 2. What is p(-5)?
5
Let p(o) = -o**2 - 2*o - 1. Let f(z) = 6*z**2 + 12*z + 5. Let v(k) = f(k) + 5*p(k). Let b(y) = y**2 - 3*y - 1. Let g be b(3). Give v(g).
-1
Let m be (-39)/(-26) + 1/((-4)/22). Let a(t) = 2*t**3 + 2*t**2 - 8*t - 14. Give a(m).
-78
Let j(w) be the first derivative of w**3/3 + 4*w**2 + 10*w - 157. Give j(-8).
10
Let f(h) be the second derivative of -h**4/12 + 7*h**3/6 + 5*h**2/2 - 21*h. Suppose -2*s - 2*s = -16. Suppose a + 17 = v - a, 5*v = s*a + 55. Calculate f(v).
5
Let y(f) be the first derivative of 0*f + 1/12*f**4 - 37 + 17/2*f**2 + 1/15*f**5 + 1/60*f**6 - 1/3*f**3. Let g(j) be the second derivative of y(j). Give g(-2).
-6
Suppose 2269*n - 70 = 2283*n. Suppose -4*t = -5*y + 15, 6 = 5*y + 2*t - 9. Let k(z) = 2*z**2 - 5*z - 3*z**2 - 1 - y. Give k(n).
-4
Suppose -2307 = -14*k - 2405. Let h(i) = -14*i - 92. Give h(k).
6
Let k(r) be the second derivative of r**4/24 - 7*r**3/6 - 17*r**2 + 45*r. Let p(j) be the first derivative of k(j). Let o be 40/(-6) - 6/(-9). What is p(o)?
-13
Let t(a) = a**2 + 4*a - 9. Let l = -25 + 29. Let p be t(l). Suppose 4*k - 3*w + 19 = 0, p = -4*k + 2*k - 3*w. Let n(s) = s + 15. Determine n(k).
8
Let a(f) be the third derivative of f**6/60 + f**5/120 + 5*f**4/3 + f**2 - 34*f. Let l(m) be the second derivative of a(m). Suppose 2*q + 1 = 3*q. What is l(q)?
13
Let v(h) be the third derivative of -h**4/24 - 25*h**3/3 - 3336*h**2. What is v(10)?
-60
Let s(x) = 3*x**2 - 9*x + 4. Suppose -4*v - 49 = -5*k, -k + 0*v + 29 = -4*v. What is s(k)?
34
Let k(l) = 12*l. Let c = -464 + 464. Suppose c = 84*a - 95*a + 11. Calculate k(a).
12
Let i(o) = -o - 147. Let f(d) = d - 73. Let p(w) = 2*f(w) - i(w). Let u = -6 + 4. Calculate p(u).
-5
Let z(q) = -3*q**3 + q**2 + 2*q + 1. Suppose 5*u = -2*u - 784. Let o be u/(-32) + (-2)/(-4). Suppose 3*r = v + 1, -r + 4 = -o*v + 3*r. Give z(v).
3
Let t(a) be the second derivative of -a**4/3 - a**3/3 + a**2 - 7*a. Let g = -119 + 122. Suppose -4*v = -3*f + 14, -g*f + 2*v + 2 = f. What is t(f)?
-10
Let j(g) = -3*g**2. Suppose 2*f = 6*f + 16. Let x(p) be the first derivative of 4*p**3/3 + p**2/2 - p + 5. Let b(w) = f*x(w) - 5*j(w). Calculate b(-4).
4
Let x(a) = -4 + 11*a**2 + 0*a**3 + 17*a + 9*a**3 - 8*a**3 + 0*a. What is x(-9)?
5
Let s(m) = m**3 + 4*m**2 + m - 4. Let k = -3 - -15. Suppose 3*j = -9, 3*t - 42 = -t - 2*j. Suppose 24 = -t*o - k. Give s(o).
2
Let m(v) = 2*v**3 + 6*v**2 - 9*v**2 - 22 - 48*v**2 + 13*v + 13*v. What is m(25)?
3
Let f(h) = -5*h**2 - 2*h - 1. Let x(j) = j**3 + 5*j**2 + 5*j + 6. Let s be x(-3). Let w be 4*3/4 - s. Let a(t) = -t - 8. Let u be a(w). Give f(u).
-17
Let z(j) be the first derivative of j**2/2 - j - 526. Let r(f) = 0 + 4*f - 1 - 4. Let t(c) = -r(c) + 5*z(c). Calculate t(2).
2
Let w(o) = -7*o**3 + 2*o**2 + 4*o. Let y(t) = -10*t**3 + 2*t**2 + 7*t - 1. Let k(h) = -3*w(h) + 2*y(h). Suppose -6 = -7*d + 4*d. Determine k(d).
2
Let k(u) = u**2 + 0*u**2 - 6*u + u**3 + 3*u**2. Let i = 228 + -224. Suppose 0 = -i*f + 452 - 472. Calculate k(f).
5
Let p(x) = -x - 9. Suppose 6*u - 1630 = -172. Let i = u + -126. Let s = 124 - i. Give p(s).
-16
Let y = -103148 - -103142. Let t(k) be the third derivative of -k**6/120 - 7*k**5/60 - k**4/8 + 5*k**3/6 - k**2. Calculate t(y).
-13
Let d(w) be the first derivative of w**4/4 + 2*w**3 + 3*w**2 + 4*w + 46264. Let a = 9 - 14. What is d(a)?
-1
Let w(z) = -8*z**3 - 2*z**2 - 3*z - 4. Let u(b) = 2*b**2 + 174*b + 1798. Let y be u(-75). Give w(y).
58
Let t(p) = p**3 - 9*p**2 - 28*p - 7. Let o(b) = 2*b**3 - 19*b**2 - 60*b - 16. Let u(i) = -6*o(i) + 13*t(i). Determine u(4).
5
Let b(g) = 470*g**2 - 4*g - 212*g**2 - 1 - 255*g**2. Calculate b(0).
-1
Let q be (-3 + 6 - 1)*2. Let n = -56 + 62. Let t(f) = -2 - f**3 - 3*f**2 + n*f - 3*f + 6*f**2. Give t(q).
-6
Let b = -3325 + 3336. Let l(f) be the second derivative of -1/12*f**4 - 15/2*f**2 + 0 + 2*f**3 + 4*f. Calculate l(b).
-4
Let t = -10884 + 10919. Let w(l) = 2*l**3 - 69*l**2 - 34*l - 32. Give w(t).
3
Let y(r) = r**3 + 5*r**2 - 3*r + 7. Let x = 107 - 107. Suppose 2*k + 10 + x = -3*l, -28 = 2*l - 4*k. What is y(l)?
-11
Let s(c) = 3*c**3 - 25*c**2 - 87*c. Let x be s(11). Let d(h) = -h**3 + 12*h**2 - 12*h + 21. Give d(x).
10
Let c(b) = -b**2 - b**3 + b + 7 - 2*b + 1. Suppose 33*s = 57*s. Determine c(s).
8
Let o = 29 - 32. Let f(w) = w**3 + w**2 - 5*w - 5. Let a be f(o). Let r(z) = -3*z - z**3 + 0*z - 9 + 2*z - 9*z - 9*z**2. What is r(a)?
7
Let b(f) be the second derivative of 